et n be (52/390)/((-2)/(-9)) + 1479/85. Suppose w - 53 - 28 = 0. What is the greatest common factor of n and w?
9
Suppose 0 = 3*w + 2 - 17, -w - 310 = -5*a. Let s(n) = -10*n - 113. Let l be s(-12). Calculate the highest common divisor of l and a.
7
Let w be 25/75 + 1405/(-3). Let z = w - -689. What is the greatest common divisor of 34 and z?
17
Let d be 19525/33 + -4 + (-70)/(-30). Calculate the highest common factor of 26255 and d.
295
Let v(z) = 27*z**2 + 8*z + 41. Let x(o) = -o**3 + 5*o**2 + 52*o - 23. Let r be x(10). Let d be v(r). What is the highest common factor of d and 100?
20
Suppose 272 = 210*c - 568. Calculate the highest common factor of 674 and c.
2
Let j(y) = y**3 + 7*y**2 + y - 8. Let o = 52 + -58. Let c be j(o). Suppose -d - c + 166 = 0. Calculate the highest common divisor of 18 and d.
18
Let v = -660 + 681. Suppose 49*t = 42*t + v. Calculate the greatest common factor of 87 and t.
3
Suppose 7*q + 3*q - 3*q = 0. Let x be (q + 40/(-7) + 4)*-42. Let r be ((-68)/18 - -4) + 160/9. Calculate the highest common divisor of r and x.
18
Suppose -153*f - 17768 = -5*j - 150*f, 0 = f + 1. What is the greatest common factor of j and 76?
19
Suppose -5*t - 2*l = -808, -t - 4*t - 5*l + 820 = 0. Suppose 4*v + 7 + 9 = 0. Let p be 23 - (v + 1)/(2 - 3). Calculate the greatest common factor of p and t.
20
Let u = 5287 - 4767. What is the highest common divisor of u and 1248?
104
Let o(l) = 2*l**2 + 4*l + 9. Suppose -2*i + 0*i + 88 = 0. Let u be (-272)/i - 4/(-22). Let f be o(u). Calculate the highest common divisor of f and 19.
19
Suppose 23*b + 2*y = 8*b + 157, 0 = 4*b + 4*y - 28. What is the highest common divisor of b and 264?
11
Suppose -37*z + 44*z = 1134. Let l = -18 - 11. Let q = l - -56. Calculate the greatest common factor of z and q.
27
Suppose 9*l = 1603 - 559. What is the greatest common divisor of l and 1972?
116
Let m = -3219 + 3253. Calculate the highest common factor of m and 10.
2
Suppose 3*q + 5*x - 25 = 0, 4*x = 2*q + 8*x - 20. Suppose q = -4*g + 4*i + 76, -8*g + 3*g - 3*i = -71. What is the greatest common divisor of g and 22?
2
Let h be 4/(-6)*(9/6 + -3). Suppose -2*u - 8 = -t, 2*t - u - 24 - h = 0. Calculate the greatest common factor of 266 and t.
14
Let y(f) = -f**3 + 4*f**2 + 4*f + 16. Let l be y(5). Suppose -4*q + 645 = l*q. What is the highest common factor of 1591 and q?
43
Let b = 9151 + -9117. Calculate the greatest common divisor of b and 221.
17
Suppose -3*z - 3*y + 6 = 0, y = -5*z - 0*y + 14. Let j be z/(-9) - ((-57)/9 - 0). Suppose 0 = j*b - 615 - 309. Calculate the highest common factor of 22 and b.
22
Let s be 50/(-2)*(-49)/5*(-228)/(-266). What is the greatest common factor of 6125 and s?
35
Let u(w) = -w**3 + 10*w**2 - 10*w + 10. Let k be u(9). Let q = -374 + 459. Suppose 6*g - 11 - q = 0. What is the highest common factor of k and g?
1
Let t(k) = k**3 + 7*k**2 - 6*k - 12. Let n(o) = 12*o - 19*o + 3 - 2 - 2 - 3*o**2. Let v be n(-3). Let i be t(v). What is the highest common factor of 150 and i?
30
Let a(m) = 36*m**2 - 24*m - 190. Let k be a(-7). Calculate the highest common factor of 134 and k.
134
Let s = -4408 + 4498. Let o(h) = h**3 - 3*h**2 + 5*h - 6. Let d be o(4). Calculate the greatest common divisor of s and d.
30
Suppose 4*q = 4*n - 5*n + 1387, q - 2*n - 340 = 0. Let l = 357 - q. What is the greatest common factor of 11 and l?
11
Let y be (-6)/9 + 95/(-15). Let s = 5 + y. Let k be s + -1*28/(-2 - 0). What is the greatest common divisor of k and 3?
3
Let q be 40/4 + -5 - 0 - 0. Suppose -4*v - 92 = -5*r, -q*r + 4*v = v - 89. What is the greatest common divisor of 16 and r?
16
Suppose -1575 = -5*t - 2*b + 2392, 0 = 13*b + 52. Calculate the highest common divisor of 105 and t.
15
Let o(u) = -82*u - 87. Let l be o(-4). Suppose 2*n - 99 = l. What is the highest common divisor of n and 34?
34
Suppose -h - 2*h = -w - 496, -5*w - 5 = 0. Suppose 1757 + 2071 = 29*i. Calculate the highest common divisor of h and i.
33
Let r = -297 + 274. Let g(d) = -d - 19. Let i be g(r). Let b(f) = -f + 1. Let k be b(-3). Calculate the greatest common divisor of i and k.
4
Let j be ((-8)/3 + 3)/(2/312). What is the highest common factor of 1313 and j?
13
Suppose 5*j + 0*j = 160. Let i(y) = -34*y + 0*y**2 + y**2 + j*y + 3*y**2 - 1. Let w be i(-1). What is the highest common factor of w and 2?
1
Let j(d) = -106*d + 10. Let p(a) = -105*a + 11. Let r(i) = 2*j(i) - 3*p(i). Let n be r(1). What is the greatest common divisor of 40 and n?
10
Suppose -5*l - 2*m - 484 = -6*l, 0 = l - m - 477. What is the greatest common factor of 20 and l?
10
Let d be 5/(-3)*(-5436)/453. Calculate the greatest common divisor of d and 1610.
10
Let g(n) = -n**3 + 12*n**2 + 4*n - 20. Suppose -21 = 5*a - 8*a. Let x be g(a). Let k be (0 + -46)*14/(-28). What is the highest common factor of x and k?
23
Let q(j) be the second derivative of 20*j**3/3 + j**2 + 52*j. Let c be q(8). Calculate the highest common factor of c and 28.
14
Suppose 4*v = -7*b + 4*b + 96, -96 = -4*v + 4*b. Suppose -50*t + v = -42*t. What is the highest common divisor of t and 9?
3
Let c = -2075 - -2670. Calculate the greatest common divisor of 28 and c.
7
Suppose -2184 = 146*h - 149*h. Let p = 168 + -56. Calculate the highest common divisor of h and p.
56
Let q be (12/15)/((-4)/160*-2). Suppose 5*t - 15 = 5*a, 2*t - a + 10 = q. What is the highest common factor of 24 and t?
3
Suppose -4*l = 40*l - 704. What is the highest common factor of 2704 and l?
16
Let r be (13/3)/(((-328)/(-3072))/41). Calculate the highest common factor of r and 13.
13
Let j be (130/(-30) + 9)*(-30)/(-4). What is the highest common divisor of 1988 and j?
7
Let q = 68 + -62. Suppose 312 = q*f - 48. Let s = f + -36. What is the greatest common factor of s and 192?
24
Let n(f) = -85*f**3 - f**2 - 46*f - 46. Let l be n(-1). Calculate the greatest common divisor of l and 259.
7
Let m be 1 + 45/(-5) - (1 + -66 - -5). Calculate the highest common factor of 8671 and m.
13
Let o(f) = f - 5. Let g be o(10). Let v be (0/1)/((-15)/g). Suppose v*c - 3*c = -3*y, 4*c - 24 = -2*y. What is the greatest common factor of 20 and y?
4
Let g(l) = 63 - 58 + 3*l**2 - 5*l - 4*l**2 + 4*l**2. Let z be g(2). Let q(o) = 4*o**2 - 4*o - 3. Let y be q(-2). What is the greatest common divisor of z and y?
7
Let w(v) = 3*v + 2. Let t be w(0). Suppose -t*b - 2*r = -942, -4*r + 142 = b - 332. Calculate the greatest common factor of b and 47.
47
Let q(l) = l**3 - 12*l**2 + 12*l + 195. Let t be q(10). What is the greatest common divisor of t and 420?
5
Let w = -19369 + 20007. What is the highest common divisor of 902 and w?
22
Let p = 629 - 607. What is the greatest common factor of 594 and p?
22
Suppose 388 = 4*n + 6*o - 11*o, 3*n = 2*o + 284. What is the greatest common factor of 10258 and n?
46
Let q = -2384 + 2424. What is the highest common divisor of q and 384?
8
Let r(p) = -p**2 + 5*p - 4. Let i be r(1). Suppose 46*t - 109 - 627 = i. What is the greatest common factor of 400 and t?
16
Let w = 776 + -746. Calculate the greatest common divisor of w and 2715.
15
Let v(y) be the first derivative of 89*y**2/2 + 4*y - 40. Let z be v(1). Let n = -66 + z. What is the greatest common divisor of n and 3?
3
Suppose 21*g = 20*g - 2*v + 2, 5 = -4*g + 5*v. Suppose 32*z - 35*z + 810 = g. What is the highest common divisor of 450 and z?
90
Let r be 4 + ((-4326)/(-4))/(5 + 231/(-48)). Calculate the greatest common divisor of r and 26.
26
Let n be 5*170/100*20. Calculate the highest common divisor of 130 and n.
10
Let z = -9019 - -9473. What is the highest common divisor of 3859 and z?
227
Suppose 2*m - 48 = -54. Let l be (-7 - m) + (-88)/(-1 - 3). Let i(q) = -4*q + 3. Let d be i(-6). Calculate the highest common divisor of l and d.
9
Let v = 24366 + -24361. What is the highest common factor of v and 5560?
5
Let v be (0 - 4)/(58/4 - 14). Let q be (-4 - v) + (24/(-3))/4. Calculate the greatest common factor of q and 11.
1
Let x = -54 - -114. Suppose -39*p = -42*p + x. Suppose -5*d + p = -30. Calculate the greatest common divisor of 110 and d.
10
Let f(h) = h**3 - 3*h**2 - 8*h - 17. Let t be f(6). Let b = t - -69. Calculate the greatest common factor of b and 7.
7
Suppose 70*d + 65 = 83*d. Suppose 5*i = 15, 0*b - 2*b + i = -177. Suppose -2*j + 8*j = b. Calculate